s of k(-18).
251
Suppose 4 - 7 = -y - 2*k, -4*y - 38 = -2*k. Let h = y - -6. List the prime factors of (h/(-2))/((-7)/(-322)).
23
Let p(b) be the second derivative of -5/2*b**2 + 0 - 4/3*b**3 + b - 1/12*b**4. List the prime factors of p(-6).
7
What are the prime factors of 258/(-9)*(-14 - -2) + -1?
7
Suppose -2*k = j - 2 - 7, 4*k = 2*j - 42. Let t = j + -13. List the prime factors of (-793)/(-13) + t*1.
3, 7
Let i(r) = -r + 3. Let g be i(-12). Suppose -6*l + g = -l. Suppose -u + h = -30, l*u - 46 - 49 = -2*h. List the prime factors of u.
31
Suppose -2*b + 2 = -4*l, l = -l - 4*b + 24. Suppose r - 207 = -l*r. List the prime factors of r.
3, 23
Let w = -804 + -8934. Let y be 2/(-9) + w/(-81). Suppose y = 3*k + k. List the prime factors of k.
2, 3, 5
Suppose -4*h = -5*x + 184, -x + 2*h + 48 = 4*h. Suppose -10*n + 11*n - x = 0. List the prime factors of n.
2, 5
Let p(n) = -n**3 + 5*n**2 - 4*n + 3. Let u be p(4). Suppose -h = 3, u*j - 3*h - 3 = 21. Let o(w) = 4*w - 10. What are the prime factors of o(j)?
2, 5
Let j(d) = -14*d + 23. What are the prime factors of j(-10)?
163
Let u(d) = 1910*d**3 + d**2 - 2. List the prime factors of u(1).
23, 83
Let c = 1 + 0. Suppose 3*w - 5*q = c - 0, -3*q = 5*w - 13. Suppose w*m - 21 - 21 = 0. What are the prime factors of m?
3, 7
Let x(z) = -27*z - 8. Let t(i) = -27*i - 7. Let q(y) = 3*t(y) - 2*x(y). Let p(v) = -13*v - 2. Let f(d) = 9*p(d) - 4*q(d). What are the prime factors of f(-5)?
47
What are the prime factors of 826/7 + 7/1?
5
Let y = -114 - 112. Let w = -126 - y. What are the prime factors of w?
2, 5
Let a = -64 - -70. Suppose -a*g + 78 = -258. List the prime factors of g.
2, 7
Let g(p) = 7*p - 4. Suppose 2*q - 13 + 7 = 0. Let t be g(q). Let d = 30 - t. What are the prime factors of d?
13
Let a be (-40)/(-16)*12/10. List the prime factors of a*1/(6/62).
31
Suppose 52*t = 24*t + 11816. List the prime factors of t.
2, 211
Let c = 357 + 285. List the prime factors of c.
2, 3, 107
Let p be (1/(-2))/((3 + -2)/(-418)). Suppose 3*r = -5*a + 157 + p, 315 = 4*a - 5*r. What are the prime factors of a?
3, 5
Suppose 5*d = -s - 39, -15 = -3*d - 5*s - 56. Let t = d + 9. Suppose -t*y = -6*y + 64. What are the prime factors of y?
2
Suppose 6*k - 84 = -354. What are the prime factors of (-4 - -6) + 2 - k?
7
Let v(a) = a**2 + 16*a - 3. Let m be v(-9). Suppose -12*q = -7*q + 55. List the prime factors of (-2)/q - 516/m.
2
Let p(j) = j**2 - 8*j - 5. Let o be p(12). Suppose 0 = -5*f + 5*g + 418 - o, -3*g - 155 = -2*f. What are the prime factors of (-28)/f + (-24)/(-10)?
2
Let w(l) = l**3 + 28*l**2 + 38*l - 16. Let s be w(-28). List the prime factors of (-6)/((-1)/(-4) - (-318)/s).
3, 5
Suppose -h + 0*h = -50. Suppose 76 + 112 = 4*d - f, d - f = h. Suppose -i = 2*i - c - 89, 4*c = 2*i - d. What are the prime factors of i?
31
Suppose 5*g - 10 = 0, 4*g - 269 - 127 = -4*j. What are the prime factors of j?
97
Let n(j) = -j**2 + j + 15. Let f be (-4 + 0)*(5 + -6). Suppose s = a - f*a, -s = -2*a. What are the prime factors of n(a)?
3, 5
Let l(y) be the first derivative of 3*y**3 - 4*y**2 + 29*y - 40. What are the prime factors of l(5)?
2, 107
Suppose 0*i - 3*i = -33. Suppose -5*f = -2*l - 856, 334 = 2*f - 16*l + i*l. List the prime factors of f.
2, 43
Suppose 3*j + 0*j - 4*a = 26, -3*j = -5*a - 31. Let u be (-16*1)/(j/(-6)). Suppose -3*i + 45 = -u. List the prime factors of i.
31
Suppose -3 = 6*v + 9. What are the prime factors of v/(-1) + -2 + 110 + 2?
2, 7
Let g = -14 - -14. Suppose -5*y + 70 + 75 = g. What are the prime factors of y + 0 + 1 + -2?
2, 7
Suppose 0*j - 3*j + b - 41 = 0, 3*b = 3*j + 39. Let l be (-7)/7 - (-16 + -1). Let u = l + j. What are the prime factors of u?
2
Let r(i) = -2*i**3 - 25*i**2 - 19*i - 146. What are the prime factors of r(-18)?
2, 5, 47
Let r be 5520/8*1/2. What are the prime factors of (-46)/r + 797/15?
53
Suppose 2*r + 1 = 3*r, 2*u + 200 = 2*r. Let z = u + 126. List the prime factors of z.
3
Let i = 8 - 13. Let b(r) be the first derivative of -9*r**2/2 - 3*r - 38. What are the prime factors of b(i)?
2, 3, 7
Let t(i) = 2*i**2 - 11*i + 30. List the prime factors of t(-12).
2, 3, 5
Suppose 0 = 3*q + 5*x + 140, -3*q - 41 = 3*x + 109. Let y = q - -128. List the prime factors of y.
73
Let s = 119 - 111. Let i = s + 218. List the prime factors of i.
2, 113
Let g(n) = -3*n - 38. Let o be g(-16). Suppose 3*u - 3*v = -45, -4*u + 5*v = 67 - o. Let c = 24 + u. List the prime factors of c.
2, 3
What are the prime factors of 778*((-1)/2)/((-7)/56)?
2, 389
Suppose -o + 26 = 2*x - 44, 4*x = -3*o + 144. Let p be 92/22 + (-6)/x. Suppose 7*m - 168 = p*m. What are the prime factors of m?
2, 7
Let y be 34/(-6)*(3 + 0). Let t = 13 + y. List the prime factors of t/6 + (-23)/(-3).
7
Let f(x) = -x**2 + 2*x + 3. Let p be f(5). Let r(h) = h**3 + 11*h**2 - 13*h + 4. Let t be r(p). Let z = 24 - t. List the prime factors of z.
2
Let v(x) = -7*x**3 - 6*x**2 - 3*x - 10. Let f be v(-4). Suppose -5*d + 216 = -f. What are the prime factors of d?
2, 3, 19
Let q be (-1)/((-3)/10)*66/55. Suppose 0 = -q*b - 4*b + 544. List the prime factors of b.
2, 17
Let m(v) = -v**3 - 7*v**2 - v - 2. Let z be m(-7). Let k = -104 - -106. Suppose -z*p = -4*n - 135 - 29, 3*p + k*n = 116. List the prime factors of p.
2, 3
Let u(b) = b**2 + 8*b. Let g(x) = 2*x**2 + 17*x - 1. Let s(r) = -3*g(r) + 5*u(r). Suppose -3*o - 32 = o. What are the prime factors of s(o)?
3
Suppose 4*f - 82 = 14. Let v = -21 + f. Suppose 5*w - 4*w + v*s = 50, 199 = 5*w - 2*s. List the prime factors of w.
41
Let d(y) = 7*y**3 + 16*y**2 + 5*y + 58. What are the prime factors of d(8)?
2, 13, 181
Let v = -121 + 138. List the prime factors of v.
17
Suppose 4*r + 0*r = 4. Let j be (r + 0)*396/(-2). What are the prime factors of j/(-7) - (-2)/(-7)?
2, 7
Suppose 13*y + 20*y = 6732. What are the prime factors of y?
2, 3, 17
Suppose -3*i = 4 - 7. Let x be (-1)/(-2) + i/2. What are the prime factors of (x + 2)/(-3) - -34?
3, 11
Suppose 636 + 359 = 5*a. What are the prime factors of a?
199
Suppose -3*w = 2*w + 20. Let i = 8 + w. Suppose i*p - 12 = 84. What are the prime factors of p?
2, 3
Suppose 0 = -2*i + 3*q - 31, 20 = -5*i - q - 83. Let x = 181 - i. List the prime factors of x.
3, 67
Suppose 3*u - 5*u = -3*a - 2145, a + 5343 = 5*u. List the prime factors of u.
2, 3, 89
List the prime factors of 5 - 1 - (-6844)/29.
2, 3, 5
Suppose 4*r = 256 + 200. Let q = r + -22. List the prime factors of q.
2, 23
Let q(p) = 7*p - 6. Suppose 0 = -5*r + 24 + 1. Let h be q(r). Let o = h - 4. What are the prime factors of o?
5
Suppose 0 = -3*k + 2*k - 3. Let g be k/((-5)/25*1). What are the prime factors of 225/4 + g/(-60)?
2, 7
Let x(y) = 4*y. Let n be x(1). Suppose -n*l = -4*r - 472, 4*l = 2*r - r + 466. What are the prime factors of l?
2, 29
Suppose 0*o = -o + 14. Let v = 11 - o. What are the prime factors of (v - 0) + (-39)/(-3)?
2, 5
Let z be (-2)/(-3) - 188/3. Let o = z - -117. List the prime factors of o.
5, 11
Let z = -17 + 17. Suppose z = -x + 2*x - 4. Suppose 5*u + x*r - 75 = 5*r, 2*r = 3*u - 45. What are the prime factors of u?
3, 5
Let j(f) = 4*f + 41. Let t be j(-9). What are the prime factors of 28*t/((-175)/(-30))?
2, 3
Suppose -2*y - y - 2*r = -34, 5*r - 40 = -3*y. Suppose 3*o - 36 = 9. Let m = o - y. List the prime factors of m.
5
Let w = 7 + -14. What are the prime factors of (-1512)/(-10) + w/35?
151
Suppose -24*g + 758 + 250 = 0. Let b be (-4)/(-18) - (-2)/(-9). Suppose b*s - g = -s. List the prime factors of s.
2, 3, 7
Let w = -31 + 35. Suppose r = -3*n + 195 - 37, 2*r - 324 = -w*n. What are the prime factors of r?
2, 5, 17
Suppose -3*k = x - 1209, -9*k - 806 = -11*k + 4*x. List the prime factors of k.
13, 31
Let u = 465 + 33. List the prime factors of u.
2, 3, 83
Let r(f) = 13*f + 23. Let z(x) = -13*x - 23. Let y(d) = -5*r(d) - 4*z(d). Let c be y(-7). Let a = 124 - c. List the prime factors of a.
2, 7
Let z(u) = 2*u**2 + 21*u + 7. Let c be (-7 - 0) + 6 + -4. Let y(o) = -o**2 - 11*o - 4. Let d(b) = c*y(b) - 3*z(b). What are the prime factors of d(-7)?
2, 3
Suppose -6*t + 6088 = 430. List the prime factors of t.
23, 41
Let f be ((-46)/(-10) + -4)*5. Let l be 0/(-1)*f/(-3). Suppose c - 25 - 47 = l. List the prime factors of c.
2, 3
Suppose -49*m + 41612 = -160660. What are the prime factor